 839
What are the prime factors of 22265845?
5, 7, 12983
List the prime factors of 541323.
3, 41, 163
List the prime factors of 231154.
2, 7, 11, 19, 79
List the prime factors of 208463.
208463
What are the prime factors of 1193169?
3, 397723
List the prime factors of 714190.
2, 5, 71419
What are the prime factors of 37261?
7, 5323
List the prime factors of 1212732.
2, 3, 19, 197
List the prime factors of 478736.
2, 29921
List the prime factors of 9855284.
2, 821, 3001
List the prime factors of 484773.
3, 161591
List the prime factors of 583014.
2, 3, 97169
List the prime factors of 58091.
11, 5281
What are the prime factors of 676289?
676289
What are the prime factors of 109455?
3, 5, 7297
What are the prime factors of 331444?
2, 41, 43, 47
What are the prime factors of 305340?
2, 3, 5, 7, 727
What are the prime factors of 765441?
3, 85049
What are the prime factors of 30882?
2, 3, 5147
What are the prime factors of 221503?
359, 617
List the prime factors of 485788.
2, 121447
What are the prime factors of 6518155?
5, 7, 43, 61, 71
List the prime factors of 253690.
2, 5, 23, 1103
List the prime factors of 455851.
11, 29, 1429
What are the prime factors of 28242887?
59, 157, 3049
List the prime factors of 169141.
7, 73, 331
List the prime factors of 1098233.
1098233
List the prime factors of 749981.
113, 6637
List the prime factors of 263609.
263609
List the prime factors of 527605.
5, 13, 8117
List the prime factors of 206047.
206047
What are the prime factors of 176074?
2, 88037
List the prime factors of 316318.
2, 109, 1451
List the prime factors of 329508.
2, 3, 113
List the prime factors of 325915.
5, 65183
What are the prime factors of 32897?
67, 491
List the prime factors of 161089.
41, 3929
List the prime factors of 648397.
17, 43, 887
List the prime factors of 10050403.
11, 107, 8539
What are the prime factors of 10311328?
2, 322229
What are the prime factors of 27251026?
2, 11, 1238683
List the prime factors of 250698.
2, 3, 7, 47, 127
List the prime factors of 16294509.
3, 7, 11, 3359
What are the prime factors of 587783?
7, 83969
What are the prime factors of 55085?
5, 23, 479
List the prime factors of 2218538.
2, 7, 107, 1481
List the prime factors of 777517.
13, 59809
List the prime factors of 7159391.
233, 30727
List the prime factors of 21339572.
2, 5334893
List the prime factors of 354177.
3, 23, 29, 59
What are the prime factors of 3140215?
5, 13, 48311
What are the prime factors of 481743?
3, 53527
List the prime factors of 1670950.
2, 5, 23, 1453
What are the prime factors of 4415203?
13, 339631
What are the prime factors of 22485590?
2, 5, 149, 15091
What are the prime factors of 807643?
31, 26053
List the prime factors of 438039.
3, 7, 17, 409
What are the prime factors of 271192?
2, 109, 311
What are the prime factors of 768374?
2, 384187
List the prime factors of 31225.
5, 1249
What are the prime factors of 6565017?
3, 2188339
List the prime factors of 8493634.
2, 4246817
List the prime factors of 542612.
2, 7, 19379
List the prime factors of 5431318.
2, 61, 44519
What are the prime factors of 349069?
7, 47, 1061
List the prime factors of 103911.
3, 19, 1823
What are the prime factors of 2641399?
19, 139021
List the prime factors of 827453.
11, 75223
List the prime factors of 7022799.
3, 7, 19, 5867
List the prime factors of 947918.
2, 31, 15289
List the prime factors of 35764186.
2, 17882093
What are the prime factors of 6570234?
2, 3, 11, 1229
List the prime factors of 188970.
2, 3, 5, 6299
What are the prime factors of 4611184?
2, 288199
List the prime factors of 374069.
374069
What are the prime factors of 1729932?
2, 3, 144161
List the prime factors of 87214.
2, 43607
List the prime factors of 384353.
17, 23, 983
List the prime factors of 22711.
13, 1747
What are the prime factors of 18440043?
3, 23, 179, 1493
List the prime factors of 898446.
2, 3, 137, 1093
List the prime factors of 242172.
2, 3, 7, 31
List the prime factors of 181607.
181607
What are the prime factors of 1623083?
7, 11, 107, 197
What are the prime factors of 638876?
2, 7, 22817
What are the prime factors of 49420?
2, 5, 7, 353
List the prime factors of 469862.
2, 234931
What are the prime factors of 1498850?
2, 5, 31, 967
What are the prime factors of 94073?
7, 89, 151
What are the prime factors of 11626592?
2, 23, 15797
What are the prime factors of 931772?
2, 73, 3191
What are the prime factors of 470509?
13, 17, 2129
What are the prime factors of 19053953?
101, 188653
List the prime factors of 432811.
443, 977
List the prime factors of 5097570.
2, 3, 5, 169919
What are the prime factors of 23631564?
2, 3, 11, 17, 10531
What are the prime factors of 1552961?
89, 17449
List the prime factors of 116514.
2, 3, 6473
List the prime factors of 168249.
3, 17, 3299
What are the prime factors of 4158680?
2, 5, 103967
List the prime factors of 758523.
3, 17, 107, 139
What are the prime factors of 741251?
7, 17, 6229
List the prime factors of 2066377.
1069, 1933
What are the prime factors of 3010825?
5, 83, 1451
What are the prime factors of 21603531?
3, 163, 44179
What are the prime factors of 235227?
3, 89, 881
What are the prime factors of 734371?
11, 101, 661
What are the prime factors of 5199008?
2, 17, 19, 503
List the prime factors of 262778.
2, 83, 1583
What are the prime factors of 144241?
144241
List the prime factors of 145199.
23, 59, 107
What are the prime factors of 1823829?
3, 7, 19, 653
What are the prime factors of 8114937?
3, 2704979
What are the prime factors of 350415?
3, 5, 13, 599
What are the prime factors of 1794180?
2, 3, 5, 17, 1759
List the prime factors of 155279.
31, 5009
What are the prime factors of 231739?
29, 61, 131
List the prime factors of 5173754.
2, 53, 48809
List the prime factors of 232910.
2, 5, 23291
What are the prime factors of 461725?
5, 11, 23, 73
What are the prime factors of 15265?
5, 43, 71
List the prime factors of 21035430.
2, 3, 5, 13, 461
List the prime factors of 861212.
2, 11, 23, 37
List the prime factors of 170728.
2, 21341
List the prime factors of 1022355.
3, 5, 7573
List the prime factors of 2790531.
3, 47, 733
What are the prime factors of 4899044?
2, 151, 8111
List the prime factors of 1064821.
109, 9769
What are the prime factors of 112973?
7, 16139
What are the prime factors of 334342?
2, 349, 479
List the prime factors of 198616.
2, 11, 37, 61
List the prime factors of 4428506.
2, 167, 13259
List the prime factors of 27418208.
2, 23, 37253
What are the prime factors of 1357585?
5, 271517
What are the prime factors of 1339747?
19, 107, 659
List the prime factors of 620438.
2, 7, 13, 487
What are the prime factors of 11811195?
3, 5, 11, 107, 223
What are the prime factors of 9989621?
317, 31513
What are the prime factors of 28920098?
2, 109, 132661
List the prime factors of 10987476.
2, 3, 915623
List the prime factors of 5506950.
2, 3, 5, 36713
List the prime factors of 2980636.
2, 709, 1051
List the prime factors of 2146887.
3, 113, 2111
List the prime factors of 20863777.
11, 17, 6563
List the prime factors of 20631513.
3, 7, 982453
What are the prime factors of 2126193?
3, 29, 24439
List the prime factors of 1162544.
2, 113, 643
List the prime factors of 420172.
2, 17, 37, 167
What are the prime factors of 1026966?
2, 3, 171161
List the prime factors of 6201900.
2, 3, 5, 2297
What are the prime factors of 12384193?
1571, 7883
What are the prime factors of 1999884?
2, 3, 166657
What are the prime factors of 260943?
3, 86981
List the prime factors of 6485683.
6485683
List the prime factors of 250066.
2, 97, 1289
List the prime factors of 1889788.
2, 17, 27791
What are the prime factors of 400919?
19, 21101
What are the prime factors of 3810574?
2, 43, 59, 751
List the prime factors of 20474944.
2, 7, 6529
What are the prime factors of 1928107?
31, 37, 41
List the prime factors of 23603.
23603
What are the prime factors of 806434?
2, 31, 13007
List the prime factors of 30753861.
3, 89, 115183
List the prime factors of 59974.
2, 157, 191
List the prime factors of 1046534.
2, 43, 283
What are the prime factors of 365959?
11, 17, 19, 103
What are the prime factors of 1107788?
2, 11, 17, 1481
List the prime factors of 494302.
2, 59, 71
List the prime factors of 13813466.
2, 79, 87427
What ar